{"id":4740,"date":"2024-11-28T10:15:39","date_gmt":"2024-11-28T09:15:39","guid":{"rendered":"https:\/\/www.azur-music-production.com\/?page_id=4740"},"modified":"2024-12-05T10:47:57","modified_gmt":"2024-12-05T09:47:57","slug":"jazz-divas","status":"publish","type":"page","link":"https:\/\/www.azur-music-production.com\/?page_id=4740","title":{"rendered":"Jazz &#038; Divas"},"content":{"rendered":"<div class=\"flex_column av_three_fourth  flex_column_div av-zero-column-padding first  \" style='border-radius:0px; '><p><div  class='avia-video avia-video-16-9   '  itemprop=\"video\" itemtype=\"https:\/\/schema.org\/VideoObject\" ><div class='avia-iframe-wrap'><iframe loading=\"lazy\" title=\"Jazz&amp;Divas - Caroline Gsell Quintet\" width=\"1500\" height=\"844\" src=\"https:\/\/www.youtube.com\/embed\/FoXPbXavrNk?feature=oembed\" frameborder=\"0\" allow=\"accelerometer; autoplay; clipboard-write; encrypted-media; gyroscope; picture-in-picture; web-share\" referrerpolicy=\"strict-origin-when-cross-origin\" allowfullscreen><\/iframe><\/div><\/div><br \/>\n<div  class='avia-video avia-video-16-9   '  itemprop=\"video\" itemtype=\"https:\/\/schema.org\/VideoObject\" ><div class='avia-iframe-wrap'><iframe loading=\"lazy\" title=\"Caroline GSELL Quintet - JAZZ &amp; DIVAS\" width=\"1500\" height=\"844\" src=\"https:\/\/www.youtube.com\/embed\/olglLbn5zfI?feature=oembed\" frameborder=\"0\" allow=\"accelerometer; autoplay; clipboard-write; encrypted-media; gyroscope; picture-in-picture; web-share\" referrerpolicy=\"strict-origin-when-cross-origin\" allowfullscreen><\/iframe><\/div><\/div><br \/>\n<div  class='hr hr-default  '><span class='hr-inner ' ><span class='hr-inner-style'><\/span><\/span><\/div><br \/>\n<div style='padding-bottom:10px;' class='av-special-heading av-special-heading-h1     '><h1 class='av-special-heading-tag '  itemprop=\"headline\"  >documentation<\/h1><div class='special-heading-border'><div class='special-heading-inner-border' ><\/div><\/div><\/div><br \/>\n<section class=\"av_textblock_section \"  itemscope=\"itemscope\" itemtype=\"https:\/\/schema.org\/CreativeWork\" ><div class='avia_textblock  '   itemprop=\"text\" ><p>N&rsquo;h\u00e9sitez pas \u00e0 t\u00e9l\u00e9charger le dossier en cliquant sur ce lien <strong><a href=\"https:\/\/www.azur-music-production.com\/wp-content\/uploads\/2024\/11\/JAZZDIVAS_BD.pdf\">\u00ab Dossier de Presse Jazz &amp; Divas\u00bb<\/a><br \/>\n<\/strong><\/p>\n<\/div><\/section><br \/>\n<div  class='hr hr-default  '><span class='hr-inner ' ><span class='hr-inner-style'><\/span><\/span><\/div><br \/>\n<div  class='hr hr-default  '><span class='hr-inner ' ><span class='hr-inner-style'><\/span><\/span><\/div><\/p><\/div><div class=\"flex_column av_one_fourth  flex_column_div av-zero-column-padding   \" style='border-radius:0px; '><p><section class=\"av_textblock_section \"  itemscope=\"itemscope\" itemtype=\"https:\/\/schema.org\/CreativeWork\" ><div class='avia_textblock  av_inherit_color '  style='color:#39c3ee; '  itemprop=\"text\" ><p><span style=\"font-size: 24pt;\"><strong>JAZZ &amp; DIVAS<\/strong><\/span><\/p>\n<p><span style=\"font-size: 14pt;\"><span style=\"font-size: 12pt;\">Caroline Gsell Quinte<\/span>t<\/span><\/p>\n<\/div><\/section><br \/>\n<section class=\"av_textblock_section \"  itemscope=\"itemscope\" itemtype=\"https:\/\/schema.org\/CreativeWork\" ><div class='avia_textblock  '   itemprop=\"text\" ><p>Le <strong>Caroline Gsell Quintet<\/strong> rend hommage aux grandes Divas du jazz, telles qu&rsquo;Ella Fitzgerald, Billie Holiday et Sarah Vaughan, qui ont marqu\u00e9 l&rsquo;histoire de cette musique malgr\u00e9 les d\u00e9fis sociaux et culturels auxquels elles ont \u00e9t\u00e9 confront\u00e9es. \u00c0 travers une interpr\u00e9tation vibrante des plus grands standards, le quintet propose un voyage musical \u00e9mouvant et captivant, ponctu\u00e9 d\u2019anecdotes insolites qui plongent le public dans l&rsquo;univers de ces figures l\u00e9gendaires. Compos\u00e9 de <strong>Caroline Gsell<\/strong> au chant, <strong>B\u00e9atrice Alunni<\/strong> au piano, <strong>Nicolas Luchi<\/strong> \u00e0 la contrebasse, <strong>Alain Ruard<\/strong> \u00e0 la batterie et <strong>S\u00e9bastien James<\/strong> au saxophone, le groupe fusionne talent et passion pour c\u00e9l\u00e9brer ces voix intemporelles. Accessible \u00e0 un large public, ce projet est une ode \u00e0 la puissance et \u00e0 la beaut\u00e9 des femmes dans le jazz.<\/p>\n<\/div><\/section><\/p><\/div><\/p>\n","protected":false},"excerpt":{"rendered":"","protected":false},"author":4,"featured_media":0,"parent":0,"menu_order":0,"comment_status":"closed","ping_status":"closed","template":"","meta":{"footnotes":""},"class_list":["post-4740","page","type-page","status-publish","hentry"],"_links":{"self":[{"href":"https:\/\/www.azur-music-production.com\/index.php?rest_route=\/wp\/v2\/pages\/4740","targetHints":{"allow":["GET"]}}],"collection":[{"href":"https:\/\/www.azur-music-production.com\/index.php?rest_route=\/wp\/v2\/pages"}],"about":[{"href":"https:\/\/www.azur-music-production.com\/index.php?rest_route=\/wp\/v2\/types\/page"}],"author":[{"embeddable":true,"href":"https:\/\/www.azur-music-production.com\/index.php?rest_route=\/wp\/v2\/users\/4"}],"replies":[{"embeddable":true,"href":"https:\/\/www.azur-music-production.com\/index.php?rest_route=%2Fwp%2Fv2%2Fcomments&post=4740"}],"version-history":[{"count":8,"href":"https:\/\/www.azur-music-production.com\/index.php?rest_route=\/wp\/v2\/pages\/4740\/revisions"}],"predecessor-version":[{"id":4748,"href":"https:\/\/www.azur-music-production.com\/index.php?rest_route=\/wp\/v2\/pages\/4740\/revisions\/4748"}],"wp:attachment":[{"href":"https:\/\/www.azur-music-production.com\/index.php?rest_route=%2Fwp%2Fv2%2Fmedia&parent=4740"}],"curies":[{"name":"wp","href":"https:\/\/api.w.org\/{rel}","templated":true}]}}